m**2 + 4*m + 2. Let h be y(5). Let c = 8 + h. What are the prime factors of c?
5
Let u = 3 - -9. List the prime factors of u.
2, 3
Suppose 16 = 4*q + 2*r, 0*r = 2*q - 4*r + 12. Let z = -6 - -12. Suppose -q*f + z = -f. What are the prime factors of f?
2, 3
List the prime factors of (-3*12)/(-3) - 1.
11
Suppose 2*o - t = 730, 5*o - 2*t = 618 + 1205. What are the prime factors of o?
3, 11
What are the prime factors of ((-46)/4)/((-8)/16)?
23
Suppose -8*y = -6*y - 154. List the prime factors of y.
7, 11
Let g(o) be the third derivative of -o**6/120 - o**5/15 - o**3 + 3*o**2. List the prime factors of g(-5).
19
Let m(o) = -o**3 - 4*o**2 - 6. Suppose 2*x + 2*x = -20. List the prime factors of m(x).
19
Let f = 298 - 201. What are the prime factors of f?
97
Suppose 24 = -2*i + 8*i. Let q = 20 + -13. Suppose -q = -m + i. What are the prime factors of m?
11
Suppose -18 = -4*m - 2. Suppose o + m*c = 5, 3*o = c - 3*c + 15. List the prime factors of o.
5
Let i be 1*(2 - 5) + 54. Let b = i - 18. List the prime factors of b.
3, 11
Let t be -1 - (0 + 2) - 3. Suppose 5*q = 5 - 55. Let c = t - q. What are the prime factors of c?
2
Let s be 3 - 5 - (-2 + 0). Suppose -10 - 38 = -a. Suppose s = 3*i + i - a. List the prime factors of i.
2, 3
Suppose 0 = 2*d + 2*d - 100. What are the prime factors of d?
5
Let h = 18 - 12. Suppose h*c = c + 10. What are the prime factors of (c - (-2 + 4)) + 5?
5
Let b be (-3 + (-3)/(-2))*6. Let a = 15 + b. What are the prime factors of ((-14)/a)/((-4)/36)?
3, 7
Let p(m) = -m**2 + 9*m - 4. Let y be p(8). Suppose 0 = -y*z + 21 + 23. List the prime factors of z.
11
Suppose 0 = i + 4*i. Suppose 4*l + i*a = -3*a + 36, 4*l = -2*a + 32. What are the prime factors of l?
2, 3
Let t(c) be the second derivative of -c**3/6 - 5*c**2 + 2*c. Let z be t(-13). Suppose 0 = z*y - 15, -h = -4*h - 3*y + 24. List the prime factors of h.
3
Let t(h) = -h**3 - 7*h**2 + 7*h - 5. Suppose 2*f + 16 = -0*f. What are the prime factors of t(f)?
3
Let y be 0/((4 - 5)*-1). What are the prime factors of (1 + -15)/(-2 + y)?
7
Let n(t) = t**3 - 5*t**2 + 3*t + 1. List the prime factors of n(5).
2
Let f(v) = 16*v**3 + 2*v**2 - 2*v + 1. Let w = 8 + -8. Suppose -4*b - 2*m = 2, 3*b + w*m = -m. List the prime factors of f(b).
17
List the prime factors of (39 - 10) + (-2 - 1).
2, 13
Let l(a) = -a**3 - 5*a**2 - 5*a + 1. Let v be l(-4). Let t = 2 + v. List the prime factors of t.
7
Suppose -2*u = 4*r + 11 - 89, u - 3 = 0. Suppose p - 4*p = -r. Suppose -2*c + p = -c. What are the prime factors of c?
2, 3
Let a(t) = 0*t + t - 2*t**2 + 3*t**2 + 2. Let g be a(0). Let k = 0 + g. What are the prime factors of k?
2
Suppose -3*f + 4*f = 6. List the prime factors of (f + -3 + 26)/1.
29
Suppose -3*j + 53 = -k + 2*k, -3*k + 3*j + 135 = 0. List the prime factors of k.
47
Let v be 2/8 - (-18)/(-8). Let g(l) = 1 - 24*l - 1 + 22*l. What are the prime factors of g(v)?
2
What are the prime factors of (1 - 0)*(130 - 36)?
2, 47
Let b(h) = -h**3 - 2*h**2 + 32*h - 24. What are the prime factors of b(-10)?
2, 3, 19
Let b be (-136)/(-32) + 2/(-8). Suppose -4*j + 12 = -b. List the prime factors of j.
2
Let a(c) = c**2 - c + 1. Let y(i) = -4*i**2 + 2*i - 8. Let p(v) = 10*a(v) + 2*y(v). Let w be p(5). Let q = w - 8. List the prime factors of q.
2, 3
Let j(r) = r**2 - 3*r + 3. Let i be j(3). Suppose i*s = 3*h + s - 8, -7 = -h + 5*s. Suppose h*q - 3 = 1. List the prime factors of q.
2
Let h(g) = -g**2 - 12*g - 4. Let l be h(-9). List the prime factors of l + ((-16)/(-2))/(-2).
19
Suppose -5*o + 28 + 31 = k, 435 = 5*k - 3*o. Let w = k + -59. What are the prime factors of w?
5
Suppose -1 = -3*t + g + 4, 5 = t - 2*g. Let q(s) = 11*s**3 + 1. Let c be q(t). Suppose 2 = 2*u - c. What are the prime factors of u?
7
Let m = 120 + -83. Let j = m + -3. What are the prime factors of j?
2, 17
Let z = -73 + 39. What are the prime factors of 17/z + 47/2?
23
Let z = 1 - 0. Let l be -3 + (z + 1)/(-2). List the prime factors of ((-9)/2)/(3/l).
2, 3
Suppose -2*i + 3 = -4*a - 1, 0 = -2*i - a + 19. List the prime factors of 130/i + (-8)/32.
2
List the prime factors of -3 - (-4 + -15) - 1.
3, 5
Let u(h) be the third derivative of h**5/12 - h**3/6 + 3*h**2. Let l be u(1). Let x = l - 1. List the prime factors of x.
3
Suppose -u = r + r - 119, 5*r - 297 = -2*u. What are the prime factors of r?
59
Let c be -1 - -2*1 - 0. Let x(t) = 3*t**2 - 5*t + c + 5*t - t. List the prime factors of x(1).
3
Let r be (40 - 3 - 3)*1. Let d = 52 - r. Let c = -9 + d. List the prime factors of c.
3
Let f(z) = 16*z + 4. What are the prime factors of f(11)?
2, 3, 5
Suppose -5*m - 452 + 157 = 0. Let y = -8 - m. List the prime factors of y.
3, 17
Suppose 5*b - 681 - 114 = 0. What are the prime factors of b?
3, 53
Let w(a) = -a**3 + 21*a**2 + 27*a - 32. What are the prime factors of w(22)?
2, 3, 13
List the prime factors of (-1)/4 - 634/(-8).
79
Suppose -2*i + 5*q = -11 - 121, q = 3*i - 224. List the prime factors of i.
2, 19
Let j(d) = -3*d + 6. Let c be j(6). What are the prime factors of (-231)/c + (-4)/16?
19
Let u(g) = 8*g**2 + g. Suppose 0 = -5*v - 11 - 14. Let l = v - -6. What are the prime factors of u(l)?
3
Let i(q) = q**2 - 11*q + 4. List the prime factors of i(14).
2, 23
Suppose 67 - 18 = 5*o + u, 0 = o - 2*u - 1. Let a = 6 - o. Let p = -1 - a. What are the prime factors of p?
2
Suppose 2*i - 13 = 3*z, -4*z = z + 15. Suppose 3*y = -5*l + 114, -2*l - i*y + 5 = -43. List the prime factors of l.
3, 7
Let g = -12 + 93. What are the prime factors of g?
3
Suppose -5*d - 2 = 3. What are the prime factors of 2/(1 - d)*12?
2, 3
Suppose -y - 4*k = -69, 2*k - 5*k - 267 = -3*y. List the prime factors of y.
5, 17
Let l be ((-12)/10)/(6/20). What are the prime factors of (6/l)/(6/(-40))?
2, 5
Suppose 4*z - 16 = -m, -3*z = -5*z - m + 10. What are the prime factors of (-5)/((-15)/6)*z?
2, 3
Let c = 8 - 5. Suppose 0 = 4*i - 2*f + 3*f - 14, 3*i - 3*f = c. Suppose 3*g = -3*z, -3*z + g = 3*g - i. What are the prime factors of z?
3
Suppose 2 = 3*l + 14. List the prime factors of ((-28)/6)/(l/6).
7
Let o(t) = -6*t + 23. Let v(x) = -x. Let z(b) = o(b) - 5*v(b). What are the prime factors of z(0)?
23
Let z(i) = -2*i**3 - 5*i - 5. What are the prime factors of z(-2)?
3, 7
Suppose -2*z - 2 = -z. Let k be 1/(-2) + (-3)/z. Suppose 7 = 2*x - 3*y, 4*x = 5*y + 16 + k. What are the prime factors of x?
2
Suppose 0*l - 3*l = -5*t + 106, -5*l + 50 = 3*t. Suppose 4*q = -2*s - 0*s + 4, -5*q = -5*s - t. What are the prime factors of q?
2
List the prime factors of 2/7 - 108/(-14).
2
Let x = -44 - -80. What are the prime factors of x?
2, 3
Suppose 0 = -2*u - 3*b + 153, -2*b + 4 - 6 = 0. What are the prime factors of u?
2, 3, 13
Let o(d) = -5*d - 2. Suppose -3*j = 2*j - 105. Suppose 0 = -5*x - 25, -x = 2*a + 2*x + j. What are the prime factors of o(a)?
13
Suppose 0 = -6*y + 5*y + 23. Suppose 2*n = y + 21. Suppose -v + 2*o - 8 = -0*o, v = -4*o + n. List the prime factors of v.
2
Let x be -2*1/(-1 + 0). Let u be 2*(-3)/6*-12. Suppose x*w = -2*w + u. What are the prime factors of w?
3
Let d(s) = s**3. Let l be d(1). Let n(x) = 47*x - 2. List the prime factors of n(l).
3, 5
Let j = 101 - 41. Let k(x) = 5*x**3 - 2*x**2 + 5*x - 4. Let l be k(1). Suppose l*i + i - j = 0. What are the prime factors of i?
2, 3
Suppose -22*p = -18*p - 68. What are the prime factors of p?
17
Suppose o + 3 - 6 = 0. Suppose 0 = -5*n + 25, -o*a = 4*n + n - 40. Suppose a*i - 24 = 2*i. What are the prime factors of i?
2
List the prime factors of (-7 - -8)*(28 - 0).
2, 7
Let c be ((-2)/(-5))/(1/(-25)). List the prime factors of (2 - -2)/((-4)/c).
2, 5
Let r(u) = 46*u**2 + u + 1. What are the prime factors of r(-1)?
2, 23
Let u(p) = p + 1. Let v = 12 + -5. Let f = 14 - v. What are the prime factors of u(f)?
2
Let i(y) = 0*y**2 - 3*y + 0*y**2 - 2*y**2 - 2. Let z be i(-2). Let j = z - -15. What are the prime factors of j?
11
Suppose 0*t + 2*t - 4*w - 4 = 0, -w = 5*t - 21. Let m(j) = -j**2 + 6*j - 4. Let p be m(t). Suppose -l + p = -1. What are the prime factors of l?
5
Let a(c) = -5*c**2 - 9*c - 17. Let l(o) = o**2 + 2*o + 4. Let q(p) = 2*a(p) + 9*l(p). Let s be q(-2). Let g = 7 - s. List the prime factors of g.
3
Let a be (-2)/(-1) - (-30 + 2). Suppose -z - 34 - 29 = -5*f, a = 2*f + 2*z. What are the prime factors 